[
{
  "model": "meleager.name",
  "pk": 1,
  "fields": {
    "creator": null,
    "created_at": "2021-07-27T13:49:28.198Z",
    "updated_at": "2021-07-27T13:49:28.198Z",
    "last_editor": null,
    "name": "City name EN",
    "language": "eng"
  }
},
{
  "model": "meleager.name",
  "pk": 2,
  "fields": {
    "creator": null,
    "created_at": "2021-07-27T13:49:28.228Z",
    "updated_at": "2021-07-27T13:49:28.228Z",
    "last_editor": null,
    "name": "Author ITA",
    "language": "ita"
  }
},
{
  "model": "meleager.name",
  "pk": 3,
  "fields": {
    "creator": null,
    "created_at": "2021-07-27T13:49:28.254Z",
    "updated_at": "2021-07-27T13:49:28.254Z",
    "last_editor": null,
    "name": "CAT1",
    "language": "spa"
  }
},
{
  "model": "meleager.name",
  "pk": 4,
  "fields": {
    "creator": null,
    "created_at": "2021-07-27T13:49:28.263Z",
    "updated_at": "2021-07-27T13:49:28.263Z",
    "last_editor": null,
    "name": "CAT2",
    "language": "eng"
  }
},
{
  "model": "meleager.name",
  "pk": 5,
  "fields": {
    "creator": null,
    "created_at": "2021-07-27T13:49:28.275Z",
    "updated_at": "2021-07-27T13:49:28.275Z",
    "last_editor": null,
    "name": "Keyword FR",
    "language": "fra"
  }
},
{
  "model": "meleager.name",
  "pk": 6,
  "fields": {
    "creator": null,
    "created_at": "2021-07-27T13:49:28.290Z",
    "updated_at": "2021-07-27T13:49:28.290Z",
    "last_editor": null,
    "name": "Keyword SCHOLIUM",
    "language": "lat"
  }
},
{
  "model": "meleager.author",
  "pk": 1,
  "fields": {
    "unique_id": 22222,
    "creator": null,
    "created_at": "2021-07-27T13:49:28.225Z",
    "updated_at": "2021-07-27T13:49:28.225Z",
    "last_editor": null,
    "validation": 0,
    "tlg_id": null,
    "city_born": 1,
    "born_range_year_date": null,
    "city_died": null,
    "died_range_year_date": null,
    "descriptions": [
      6
    ],
    "alternative_urns": [],
    "names": [
      2
    ],
    "images": []
  }
},
{
  "model": "meleager.book",
  "pk": 1,
  "fields": {
    "creator": null,
    "created_at": "2021-07-27T13:49:28.172Z",
    "updated_at": "2021-07-27T13:49:28.172Z",
    "last_editor": null,
    "work": 1,
    "number": 42,
    "descriptions": [
      3
    ]
  }
},
{
  "model": "meleager.city",
  "pk": 1,
  "fields": {
    "unique_id": 12345,
    "creator": 3,
    "created_at": "2021-07-27T13:49:28.195Z",
    "updated_at": "2021-07-27T13:49:28.195Z",
    "last_editor": null,
    "longitude": "42.00000",
    "latitude": "-12.00000",
    "descriptions": [
      5
    ],
    "alternative_urns": [],
    "names": [
      1
    ]
  }
},
{
  "model": "meleager.comment",
  "pk": 1,
  "fields": {
    "unique_id": 333333,
    "creator": 3,
    "created_at": "2021-07-27T13:49:28.297Z",
    "updated_at": "2021-07-27T13:49:28.297Z",
    "last_editor": null,
    "comment_type": "user_note",
    "descriptions": [
      7
    ],
    "images": []
  }
},
{
  "model": "meleager.description",
  "pk": 1,
  "fields": {
    "creator": 3,
    "created_at": "2021-07-27T13:49:28.158Z",
    "updated_at": "2021-07-27T13:49:28.158Z",
    "last_editor": null,
    "description": "Work desc FR",
    "language": "fra"
  }
},
{
  "model": "meleager.description",
  "pk": 2,
  "fields": {
    "creator": 3,
    "created_at": "2021-07-27T13:49:28.162Z",
    "updated_at": "2021-07-27T13:49:28.162Z",
    "last_editor": null,
    "description": "Work desc EN",
    "language": "eng"
  }
},
{
  "model": "meleager.description",
  "pk": 3,
  "fields": {
    "creator": 3,
    "created_at": "2021-07-27T13:49:28.175Z",
    "updated_at": "2021-07-27T13:49:28.175Z",
    "last_editor": null,
    "description": "Book desc GRC",
    "language": "grc"
  }
},
{
  "model": "meleager.description",
  "pk": 4,
  "fields": {
    "creator": 3,
    "created_at": "2021-07-27T13:49:28.187Z",
    "updated_at": "2021-07-27T13:49:28.187Z",
    "last_editor": null,
    "description": "Passage 1 desc FR",
    "language": "fra"
  }
},
{
  "model": "meleager.description",
  "pk": 5,
  "fields": {
    "creator": 3,
    "created_at": "2021-07-27T13:49:28.206Z",
    "updated_at": "2021-07-27T13:49:28.206Z",
    "last_editor": null,
    "description": "City desc FR",
    "language": "eng"
  }
},
{
  "model": "meleager.description",
  "pk": 6,
  "fields": {
    "creator": 3,
    "created_at": "2021-07-27T13:49:28.238Z",
    "updated_at": "2021-07-27T13:49:28.238Z",
    "last_editor": null,
    "description": "Author desc EN",
    "language": "eng"
  }
},
{
  "model": "meleager.description",
  "pk": 7,
  "fields": {
    "creator": 3,
    "created_at": "2021-07-27T13:49:28.300Z",
    "updated_at": "2021-07-27T13:49:28.300Z",
    "last_editor": null,
    "description": "Comment passage FR",
    "language": "fra"
  }
},
{
  "model": "meleager.description",
  "pk": 8,
  "fields": {
    "creator": 3,
    "created_at": "2021-07-27T13:49:28.318Z",
    "updated_at": "2021-07-27T13:49:28.318Z",
    "last_editor": null,
    "description": "Passage 2 desc EN",
    "language": "eng"
  }
},
{
  "model": "meleager.description",
  "pk": 9,
  "fields": {
    "creator": 3,
    "created_at": "2021-07-27T13:49:28.344Z",
    "updated_at": "2021-07-27T13:49:28.344Z",
    "last_editor": null,
    "description": "Scholium desc GRC",
    "language": "grc"
  }
},
{
  "model": "meleager.externalreference",
  "pk": 1,
  "fields": {
    "creator": 3,
    "title": "External ref",
    "url": "https://perdu.com"
  }
},
{
  "model": "meleager.keywordcategory",
  "pk": 1,
  "fields": {
    "unique_id": 1234,
    "creator": 3,
    "created_at": "2021-07-27T13:49:28.249Z",
    "updated_at": "2021-07-27T13:49:28.249Z",
    "last_editor": null,
    "alternative_urns": [],
    "names": [
      3
    ]
  }
},
{
  "model": "meleager.keywordcategory",
  "pk": 2,
  "fields": {
    "unique_id": 5678,
    "creator": 3,
    "created_at": "2021-07-27T13:49:28.259Z",
    "updated_at": "2021-07-27T13:49:28.259Z",
    "last_editor": null,
    "alternative_urns": [],
    "names": [
      4
    ]
  }
},
{
  "model": "meleager.keyword",
  "pk": 1,
  "fields": {
    "unique_id": 1,
    "creator": 3,
    "created_at": "2021-07-27T13:49:28.271Z",
    "updated_at": "2021-07-27T13:49:28.271Z",
    "last_editor": null,
    "category": 1,
    "alternative_urns": [],
    "names": [
      5
    ]
  }
},
{
  "model": "meleager.keyword",
  "pk": 2,
  "fields": {
    "unique_id": 2,
    "creator": 3,
    "created_at": "2021-07-27T13:49:28.287Z",
    "updated_at": "2021-07-27T13:49:28.287Z",
    "last_editor": null,
    "category": 2,
    "alternative_urns": [],
    "names": [
      6
    ]
  }
},
{
  "model": "meleager.language",
  "pk": "eng",
  "fields": {
    "code2": "en",
    "iso_name": "English",
    "preferred": true
  }
},
{
  "model": "meleager.language",
  "pk": "fra",
  "fields": {
    "code2": "fr",
    "iso_name": "French",
    "preferred": true
  }
},
{
  "model": "meleager.language",
  "pk": "grc",
  "fields": {
    "code2": "",
    "iso_name": "Ancient Greek (to 1453)",
    "preferred": true
  }
},
{
  "model": "meleager.language",
  "pk": "ita",
  "fields": {
    "code2": "it",
    "iso_name": "Italian",
    "preferred": true
  }
},
{
  "model": "meleager.language",
  "pk": "lat",
  "fields": {
    "code2": "",
    "iso_name": "Latin",
    "preferred": true
  }
},
{
  "model": "meleager.language",
  "pk": "por",
  "fields": {
    "code2": "pt",
    "iso_name": "Portuguese",
    "preferred": true
  }
},
{
  "model": "meleager.language",
  "pk": "spa",
  "fields": {
    "code2": "es",
    "iso_name": "Spanish",
    "preferred": true
  }
},
{
  "model": "meleager.passage",
  "pk": 1,
  "fields": {
    "unique_id": 66666,
    "creator": 3,
    "created_at": "2021-07-27T13:49:28.182Z",
    "updated_at": "2021-07-27T13:49:28.182Z",
    "last_editor": null,
    "validation": 0,
    "book": 1,
    "fragment": 12,
    "sub_fragment": "",
    "descriptions": [
      4
    ],
    "alternative_urns": [],
    "images": [],
    "comments": [
      1
    ],
    "external_references": [
      1
    ],
    "internal_references": [],
    "manuscripts": []
  }
},
{
  "model": "meleager.passage",
  "pk": 2,
  "fields": {
    "unique_id": 444444,
    "creator": 3,
    "created_at": "2021-07-27T13:49:28.313Z",
    "updated_at": "2021-07-27T13:49:28.330Z",
    "last_editor": null,
    "validation": 0,
    "book": 1,
    "fragment": 69,
    "sub_fragment": "abc",
    "descriptions": [
      8
    ],
    "alternative_urns": [],
    "images": [],
    "comments": [],
    "external_references": [],
    "internal_references": [],
    "manuscripts": []
  }
},
{
  "model": "meleager.scholium",
  "pk": 1,
  "fields": {
    "unique_id": 777777,
    "creator": 3,
    "created_at": "2021-07-27T13:49:28.340Z",
    "updated_at": "2021-07-27T13:49:28.340Z",
    "last_editor": null,
    "validation": 0,
    "number": 666,
    "passage": 1,
    "descriptions": [
      9
    ],
    "alternative_urns": [],
    "texts": [],
    "manuscripts": [],
    "images": [],
    "comments": [
      1
    ]
  }
},
{
  "model": "meleager.text",
  "pk": 1,
  "fields": {
    "unique_id": 1,
    "creator": null,
    "created_at": "2021-07-27T13:49:28.403Z",
    "updated_at": "2021-07-27T13:49:28.403Z",
    "last_editor": null,
    "validation": 0,
    "language": "eng",
    "edition": null,
    "status": 1,
    "text": "New text added"
  }
},
{
  "model": "meleager.text",
  "pk": 2,
  "fields": {
    "unique_id": 2,
    "creator": null,
    "created_at": "2021-07-27T13:49:28.442Z",
    "updated_at": "2021-07-27T13:49:28.442Z",
    "last_editor": null,
    "validation": 0,
    "language": "fra",
    "edition": null,
    "status": 1,
    "text": "Nouveau text - FR"
  }
},
{
  "model": "meleager.work",
  "pk": 1,
  "fields": {
    "creator": 3,
    "created_at": "2021-07-27T13:49:28.156Z",
    "updated_at": "2021-07-27T13:49:28.156Z",
    "last_editor": 3,
    "alternative_urns": [],
    "descriptions": [
      1,
      2
    ]
  }
},
{
  "model": "meleager.authorpassage",
  "pk": 1,
  "fields": {
    "passage": 1,
    "user": 3,
    "timestamp": "2021-07-27T13:49:28.246Z",
    "author": 1
  }
},
{
  "model": "meleager.authorpassage",
  "pk": 2,
  "fields": {
    "passage": 2,
    "user": 3,
    "timestamp": "2021-07-27T13:49:28.329Z",
    "author": 1
  }
},
{
  "model": "meleager.keywordpassage",
  "pk": 1,
  "fields": {
    "passage": 1,
    "user": 3,
    "timestamp": "2021-07-27T13:49:28.283Z",
    "keyword": 1
  }
},
{
  "model": "meleager.citypassage",
  "pk": 1,
  "fields": {
    "passage": 1,
    "user": 3,
    "timestamp": "2021-07-27T13:49:28.214Z",
    "city": 1
  }
},
{
  "model": "meleager.citypassage",
  "pk": 2,
  "fields": {
    "passage": 2,
    "user": 3,
    "timestamp": "2021-07-27T13:49:28.337Z",
    "city": 1
  }
},
{
  "model": "meleager.textpassage",
  "pk": 1,
  "fields": {
    "passage": 1,
    "user": 3,
    "timestamp": "2021-07-27T13:49:28.421Z",
    "text": 1
  }
},
{
  "model": "meleager.textpassage",
  "pk": 2,
  "fields": {
    "passage": 1,
    "user": 3,
    "timestamp": "2021-07-27T13:49:28.446Z",
    "text": 2
  }
},
{
  "model": "meleager.keywordscholium",
  "pk": 1,
  "fields": {
    "scholium": 1,
    "user": 3,
    "timestamp": "2021-07-27T13:49:28.362Z",
    "keyword": 2
  }
},
{
  "model": "meleager.cityscholium",
  "pk": 1,
  "fields": {
    "scholium": 1,
    "user": 3,
    "timestamp": "2021-07-27T13:49:28.358Z",
    "city": 1
  }
},
{
  "model": "auth.permission",
  "pk": 1,
  "fields": {
    "name": "Can add alignment",
    "content_type": 1,
    "codename": "add_alignment"
  }
},
{
  "model": "auth.permission",
  "pk": 2,
  "fields": {
    "name": "Can change alignment",
    "content_type": 1,
    "codename": "change_alignment"
  }
},
{
  "model": "auth.permission",
  "pk": 3,
  "fields": {
    "name": "Can delete alignment",
    "content_type": 1,
    "codename": "delete_alignment"
  }
},
{
  "model": "auth.permission",
  "pk": 4,
  "fields": {
    "name": "Can view alignment",
    "content_type": 1,
    "codename": "view_alignment"
  }
},
{
  "model": "auth.permission",
  "pk": 5,
  "fields": {
    "name": "The permission to set validation level 0, see ValidationLevelName.validation_level = 0 for the validation level name.",
    "content_type": 1,
    "codename": "set_validation_level_0"
  }
},
{
  "model": "auth.permission",
  "pk": 6,
  "fields": {
    "name": "The permission to set validation level 1, see ValidationLevelName.validation_level = 1 for the validation level name.",
    "content_type": 1,
    "codename": "set_validation_level_1"
  }
},
{
  "model": "auth.permission",
  "pk": 7,
  "fields": {
    "name": "Can add name",
    "content_type": 2,
    "codename": "add_name"
  }
},
{
  "model": "auth.permission",
  "pk": 8,
  "fields": {
    "name": "Can change name",
    "content_type": 2,
    "codename": "change_name"
  }
},
{
  "model": "auth.permission",
  "pk": 9,
  "fields": {
    "name": "Can delete name",
    "content_type": 2,
    "codename": "delete_name"
  }
},
{
  "model": "auth.permission",
  "pk": 10,
  "fields": {
    "name": "Can view name",
    "content_type": 2,
    "codename": "view_name"
  }
},
{
  "model": "auth.permission",
  "pk": 11,
  "fields": {
    "name": "Can add author",
    "content_type": 3,
    "codename": "add_author"
  }
},
{
  "model": "auth.permission",
  "pk": 12,
  "fields": {
    "name": "Can change author",
    "content_type": 3,
    "codename": "change_author"
  }
},
{
  "model": "auth.permission",
  "pk": 13,
  "fields": {
    "name": "Can delete author",
    "content_type": 3,
    "codename": "delete_author"
  }
},
{
  "model": "auth.permission",
  "pk": 14,
  "fields": {
    "name": "Can view author",
    "content_type": 3,
    "codename": "view_author"
  }
},
{
  "model": "auth.permission",
  "pk": 15,
  "fields": {
    "name": "Can add book",
    "content_type": 4,
    "codename": "add_book"
  }
},
{
  "model": "auth.permission",
  "pk": 16,
  "fields": {
    "name": "Can change book",
    "content_type": 4,
    "codename": "change_book"
  }
},
{
  "model": "auth.permission",
  "pk": 17,
  "fields": {
    "name": "Can delete book",
    "content_type": 4,
    "codename": "delete_book"
  }
},
{
  "model": "auth.permission",
  "pk": 18,
  "fields": {
    "name": "Can view book",
    "content_type": 4,
    "codename": "view_book"
  }
},
{
  "model": "auth.permission",
  "pk": 19,
  "fields": {
    "name": "Can add city",
    "content_type": 5,
    "codename": "add_city"
  }
},
{
  "model": "auth.permission",
  "pk": 20,
  "fields": {
    "name": "Can change city",
    "content_type": 5,
    "codename": "change_city"
  }
},
{
  "model": "auth.permission",
  "pk": 21,
  "fields": {
    "name": "Can delete city",
    "content_type": 5,
    "codename": "delete_city"
  }
},
{
  "model": "auth.permission",
  "pk": 22,
  "fields": {
    "name": "Can view city",
    "content_type": 5,
    "codename": "view_city"
  }
},
{
  "model": "auth.permission",
  "pk": 23,
  "fields": {
    "name": "Can add comment",
    "content_type": 6,
    "codename": "add_comment"
  }
},
{
  "model": "auth.permission",
  "pk": 24,
  "fields": {
    "name": "Can change comment",
    "content_type": 6,
    "codename": "change_comment"
  }
},
{
  "model": "auth.permission",
  "pk": 25,
  "fields": {
    "name": "Can delete comment",
    "content_type": 6,
    "codename": "delete_comment"
  }
},
{
  "model": "auth.permission",
  "pk": 26,
  "fields": {
    "name": "Can view comment",
    "content_type": 6,
    "codename": "view_comment"
  }
},
{
  "model": "auth.permission",
  "pk": 27,
  "fields": {
    "name": "Can add description",
    "content_type": 7,
    "codename": "add_description"
  }
},
{
  "model": "auth.permission",
  "pk": 28,
  "fields": {
    "name": "Can change description",
    "content_type": 7,
    "codename": "change_description"
  }
},
{
  "model": "auth.permission",
  "pk": 29,
  "fields": {
    "name": "Can delete description",
    "content_type": 7,
    "codename": "delete_description"
  }
},
{
  "model": "auth.permission",
  "pk": 30,
  "fields": {
    "name": "Can view description",
    "content_type": 7,
    "codename": "view_description"
  }
},
{
  "model": "auth.permission",
  "pk": 31,
  "fields": {
    "name": "Can add edition",
    "content_type": 8,
    "codename": "add_edition"
  }
},
{
  "model": "auth.permission",
  "pk": 32,
  "fields": {
    "name": "Can change edition",
    "content_type": 8,
    "codename": "change_edition"
  }
},
{
  "model": "auth.permission",
  "pk": 33,
  "fields": {
    "name": "Can delete edition",
    "content_type": 8,
    "codename": "delete_edition"
  }
},
{
  "model": "auth.permission",
  "pk": 34,
  "fields": {
    "name": "Can view edition",
    "content_type": 8,
    "codename": "view_edition"
  }
},
{
  "model": "auth.permission",
  "pk": 35,
  "fields": {
    "name": "Can add editor",
    "content_type": 9,
    "codename": "add_editor"
  }
},
{
  "model": "auth.permission",
  "pk": 36,
  "fields": {
    "name": "Can change editor",
    "content_type": 9,
    "codename": "change_editor"
  }
},
{
  "model": "auth.permission",
  "pk": 37,
  "fields": {
    "name": "Can delete editor",
    "content_type": 9,
    "codename": "delete_editor"
  }
},
{
  "model": "auth.permission",
  "pk": 38,
  "fields": {
    "name": "Can view editor",
    "content_type": 9,
    "codename": "view_editor"
  }
},
{
  "model": "auth.permission",
  "pk": 39,
  "fields": {
    "name": "Can add external reference",
    "content_type": 10,
    "codename": "add_externalreference"
  }
},
{
  "model": "auth.permission",
  "pk": 40,
  "fields": {
    "name": "Can change external reference",
    "content_type": 10,
    "codename": "change_externalreference"
  }
},
{
  "model": "auth.permission",
  "pk": 41,
  "fields": {
    "name": "Can delete external reference",
    "content_type": 10,
    "codename": "delete_externalreference"
  }
},
{
  "model": "auth.permission",
  "pk": 42,
  "fields": {
    "name": "Can view external reference",
    "content_type": 10,
    "codename": "view_externalreference"
  }
},
{
  "model": "auth.permission",
  "pk": 43,
  "fields": {
    "name": "Can add keyword category",
    "content_type": 11,
    "codename": "add_keywordcategory"
  }
},
{
  "model": "auth.permission",
  "pk": 44,
  "fields": {
    "name": "Can change keyword category",
    "content_type": 11,
    "codename": "change_keywordcategory"
  }
},
{
  "model": "auth.permission",
  "pk": 45,
  "fields": {
    "name": "Can delete keyword category",
    "content_type": 11,
    "codename": "delete_keywordcategory"
  }
},
{
  "model": "auth.permission",
  "pk": 46,
  "fields": {
    "name": "Can view keyword category",
    "content_type": 11,
    "codename": "view_keywordcategory"
  }
},
{
  "model": "auth.permission",
  "pk": 47,
  "fields": {
    "name": "Can add keyword",
    "content_type": 12,
    "codename": "add_keyword"
  }
},
{
  "model": "auth.permission",
  "pk": 48,
  "fields": {
    "name": "Can change keyword",
    "content_type": 12,
    "codename": "change_keyword"
  }
},
{
  "model": "auth.permission",
  "pk": 49,
  "fields": {
    "name": "Can delete keyword",
    "content_type": 12,
    "codename": "delete_keyword"
  }
},
{
  "model": "auth.permission",
  "pk": 50,
  "fields": {
    "name": "Can view keyword",
    "content_type": 12,
    "codename": "view_keyword"
  }
},
{
  "model": "auth.permission",
  "pk": 51,
  "fields": {
    "name": "Can add language",
    "content_type": 13,
    "codename": "add_language"
  }
},
{
  "model": "auth.permission",
  "pk": 52,
  "fields": {
    "name": "Can change language",
    "content_type": 13,
    "codename": "change_language"
  }
},
{
  "model": "auth.permission",
  "pk": 53,
  "fields": {
    "name": "Can delete language",
    "content_type": 13,
    "codename": "delete_language"
  }
},
{
  "model": "auth.permission",
  "pk": 54,
  "fields": {
    "name": "Can view language",
    "content_type": 13,
    "codename": "view_language"
  }
},
{
  "model": "auth.permission",
  "pk": 55,
  "fields": {
    "name": "Can add medium",
    "content_type": 14,
    "codename": "add_medium"
  }
},
{
  "model": "auth.permission",
  "pk": 56,
  "fields": {
    "name": "Can change medium",
    "content_type": 14,
    "codename": "change_medium"
  }
},
{
  "model": "auth.permission",
  "pk": 57,
  "fields": {
    "name": "Can delete medium",
    "content_type": 14,
    "codename": "delete_medium"
  }
},
{
  "model": "auth.permission",
  "pk": 58,
  "fields": {
    "name": "Can view medium",
    "content_type": 14,
    "codename": "view_medium"
  }
},
{
  "model": "auth.permission",
  "pk": 59,
  "fields": {
    "name": "Can add manuscript",
    "content_type": 15,
    "codename": "add_manuscript"
  }
},
{
  "model": "auth.permission",
  "pk": 60,
  "fields": {
    "name": "Can change manuscript",
    "content_type": 15,
    "codename": "change_manuscript"
  }
},
{
  "model": "auth.permission",
  "pk": 61,
  "fields": {
    "name": "Can delete manuscript",
    "content_type": 15,
    "codename": "delete_manuscript"
  }
},
{
  "model": "auth.permission",
  "pk": 62,
  "fields": {
    "name": "Can view manuscript",
    "content_type": 15,
    "codename": "view_manuscript"
  }
},
{
  "model": "auth.permission",
  "pk": 63,
  "fields": {
    "name": "Can add passage",
    "content_type": 16,
    "codename": "add_passage"
  }
},
{
  "model": "auth.permission",
  "pk": 64,
  "fields": {
    "name": "Can change passage",
    "content_type": 16,
    "codename": "change_passage"
  }
},
{
  "model": "auth.permission",
  "pk": 65,
  "fields": {
    "name": "Can delete passage",
    "content_type": 16,
    "codename": "delete_passage"
  }
},
{
  "model": "auth.permission",
  "pk": 66,
  "fields": {
    "name": "Can view passage",
    "content_type": 16,
    "codename": "view_passage"
  }
},
{
  "model": "auth.permission",
  "pk": 67,
  "fields": {
    "name": "Can manage (edit/delete) their own Passage items",
    "content_type": 16,
    "codename": "manage_own_mlgr"
  }
},
{
  "model": "auth.permission",
  "pk": 68,
  "fields": {
    "name": "Can manage (edit/delete) all Passage items",
    "content_type": 16,
    "codename": "manage_all_mlgr"
  }
},
{
  "model": "auth.permission",
  "pk": 69,
  "fields": {
    "name": "Can create Meleager artefacts (Author, Text, etc)",
    "content_type": 16,
    "codename": "can_add_mlgr"
  }
},
{
  "model": "auth.permission",
  "pk": 70,
  "fields": {
    "name": "Can add scholium",
    "content_type": 17,
    "codename": "add_scholium"
  }
},
{
  "model": "auth.permission",
  "pk": 71,
  "fields": {
    "name": "Can change scholium",
    "content_type": 17,
    "codename": "change_scholium"
  }
},
{
  "model": "auth.permission",
  "pk": 72,
  "fields": {
    "name": "Can delete scholium",
    "content_type": 17,
    "codename": "delete_scholium"
  }
},
{
  "model": "auth.permission",
  "pk": 73,
  "fields": {
    "name": "Can view scholium",
    "content_type": 17,
    "codename": "view_scholium"
  }
},
{
  "model": "auth.permission",
  "pk": 74,
  "fields": {
    "name": "Can add comment text anchor",
    "content_type": 18,
    "codename": "add_commenttextanchor"
  }
},
{
  "model": "auth.permission",
  "pk": 75,
  "fields": {
    "name": "Can change comment text anchor",
    "content_type": 18,
    "codename": "change_commenttextanchor"
  }
},
{
  "model": "auth.permission",
  "pk": 76,
  "fields": {
    "name": "Can delete comment text anchor",
    "content_type": 18,
    "codename": "delete_commenttextanchor"
  }
},
{
  "model": "auth.permission",
  "pk": 77,
  "fields": {
    "name": "Can view comment text anchor",
    "content_type": 18,
    "codename": "view_commenttextanchor"
  }
},
{
  "model": "auth.permission",
  "pk": 78,
  "fields": {
    "name": "Can add text",
    "content_type": 19,
    "codename": "add_text"
  }
},
{
  "model": "auth.permission",
  "pk": 79,
  "fields": {
    "name": "Can change text",
    "content_type": 19,
    "codename": "change_text"
  }
},
{
  "model": "auth.permission",
  "pk": 80,
  "fields": {
    "name": "Can delete text",
    "content_type": 19,
    "codename": "delete_text"
  }
},
{
  "model": "auth.permission",
  "pk": 81,
  "fields": {
    "name": "Can view text",
    "content_type": 19,
    "codename": "view_text"
  }
},
{
  "model": "auth.permission",
  "pk": 82,
  "fields": {
    "name": "Can add urn",
    "content_type": 20,
    "codename": "add_urn"
  }
},
{
  "model": "auth.permission",
  "pk": 83,
  "fields": {
    "name": "Can change urn",
    "content_type": 20,
    "codename": "change_urn"
  }
},
{
  "model": "auth.permission",
  "pk": 84,
  "fields": {
    "name": "Can delete urn",
    "content_type": 20,
    "codename": "delete_urn"
  }
},
{
  "model": "auth.permission",
  "pk": 85,
  "fields": {
    "name": "Can view urn",
    "content_type": 20,
    "codename": "view_urn"
  }
},
{
  "model": "auth.permission",
  "pk": 86,
  "fields": {
    "name": "Can add validation level name",
    "content_type": 21,
    "codename": "add_validationlevelname"
  }
},
{
  "model": "auth.permission",
  "pk": 87,
  "fields": {
    "name": "Can change validation level name",
    "content_type": 21,
    "codename": "change_validationlevelname"
  }
},
{
  "model": "auth.permission",
  "pk": 88,
  "fields": {
    "name": "Can delete validation level name",
    "content_type": 21,
    "codename": "delete_validationlevelname"
  }
},
{
  "model": "auth.permission",
  "pk": 89,
  "fields": {
    "name": "Can view validation level name",
    "content_type": 21,
    "codename": "view_validationlevelname"
  }
},
{
  "model": "auth.permission",
  "pk": 90,
  "fields": {
    "name": "Can add work",
    "content_type": 22,
    "codename": "add_work"
  }
},
{
  "model": "auth.permission",
  "pk": 91,
  "fields": {
    "name": "Can change work",
    "content_type": 22,
    "codename": "change_work"
  }
},
{
  "model": "auth.permission",
  "pk": 92,
  "fields": {
    "name": "Can delete work",
    "content_type": 22,
    "codename": "delete_work"
  }
},
{
  "model": "auth.permission",
  "pk": 93,
  "fields": {
    "name": "Can view work",
    "content_type": 22,
    "codename": "view_work"
  }
},
{
  "model": "auth.permission",
  "pk": 94,
  "fields": {
    "name": "Can add author passage",
    "content_type": 23,
    "codename": "add_authorpassage"
  }
},
{
  "model": "auth.permission",
  "pk": 95,
  "fields": {
    "name": "Can change author passage",
    "content_type": 23,
    "codename": "change_authorpassage"
  }
},
{
  "model": "auth.permission",
  "pk": 96,
  "fields": {
    "name": "Can delete author passage",
    "content_type": 23,
    "codename": "delete_authorpassage"
  }
},
{
  "model": "auth.permission",
  "pk": 97,
  "fields": {
    "name": "Can view author passage",
    "content_type": 23,
    "codename": "view_authorpassage"
  }
},
{
  "model": "auth.permission",
  "pk": 98,
  "fields": {
    "name": "Can add keyword passage",
    "content_type": 24,
    "codename": "add_keywordpassage"
  }
},
{
  "model": "auth.permission",
  "pk": 99,
  "fields": {
    "name": "Can change keyword passage",
    "content_type": 24,
    "codename": "change_keywordpassage"
  }
},
{
  "model": "auth.permission",
  "pk": 100,
  "fields": {
    "name": "Can delete keyword passage",
    "content_type": 24,
    "codename": "delete_keywordpassage"
  }
},
{
  "model": "auth.permission",
  "pk": 101,
  "fields": {
    "name": "Can view keyword passage",
    "content_type": 24,
    "codename": "view_keywordpassage"
  }
},
{
  "model": "auth.permission",
  "pk": 102,
  "fields": {
    "name": "Can add city passage",
    "content_type": 25,
    "codename": "add_citypassage"
  }
},
{
  "model": "auth.permission",
  "pk": 103,
  "fields": {
    "name": "Can change city passage",
    "content_type": 25,
    "codename": "change_citypassage"
  }
},
{
  "model": "auth.permission",
  "pk": 104,
  "fields": {
    "name": "Can delete city passage",
    "content_type": 25,
    "codename": "delete_citypassage"
  }
},
{
  "model": "auth.permission",
  "pk": 105,
  "fields": {
    "name": "Can view city passage",
    "content_type": 25,
    "codename": "view_citypassage"
  }
},
{
  "model": "auth.permission",
  "pk": 106,
  "fields": {
    "name": "Can add text passage",
    "content_type": 26,
    "codename": "add_textpassage"
  }
},
{
  "model": "auth.permission",
  "pk": 107,
  "fields": {
    "name": "Can change text passage",
    "content_type": 26,
    "codename": "change_textpassage"
  }
},
{
  "model": "auth.permission",
  "pk": 108,
  "fields": {
    "name": "Can delete text passage",
    "content_type": 26,
    "codename": "delete_textpassage"
  }
},
{
  "model": "auth.permission",
  "pk": 109,
  "fields": {
    "name": "Can view text passage",
    "content_type": 26,
    "codename": "view_textpassage"
  }
},
{
  "model": "auth.permission",
  "pk": 110,
  "fields": {
    "name": "Can add keyword scholium",
    "content_type": 27,
    "codename": "add_keywordscholium"
  }
},
{
  "model": "auth.permission",
  "pk": 111,
  "fields": {
    "name": "Can change keyword scholium",
    "content_type": 27,
    "codename": "change_keywordscholium"
  }
},
{
  "model": "auth.permission",
  "pk": 112,
  "fields": {
    "name": "Can delete keyword scholium",
    "content_type": 27,
    "codename": "delete_keywordscholium"
  }
},
{
  "model": "auth.permission",
  "pk": 113,
  "fields": {
    "name": "Can view keyword scholium",
    "content_type": 27,
    "codename": "view_keywordscholium"
  }
},
{
  "model": "auth.permission",
  "pk": 114,
  "fields": {
    "name": "Can add city scholium",
    "content_type": 28,
    "codename": "add_cityscholium"
  }
},
{
  "model": "auth.permission",
  "pk": 115,
  "fields": {
    "name": "Can change city scholium",
    "content_type": 28,
    "codename": "change_cityscholium"
  }
},
{
  "model": "auth.permission",
  "pk": 116,
  "fields": {
    "name": "Can delete city scholium",
    "content_type": 28,
    "codename": "delete_cityscholium"
  }
},
{
  "model": "auth.permission",
  "pk": 117,
  "fields": {
    "name": "Can view city scholium",
    "content_type": 28,
    "codename": "view_cityscholium"
  }
},
{
  "model": "auth.permission",
  "pk": 118,
  "fields": {
    "name": "Can add user",
    "content_type": 29,
    "codename": "add_user"
  }
},
{
  "model": "auth.permission",
  "pk": 119,
  "fields": {
    "name": "Can change user",
    "content_type": 29,
    "codename": "change_user"
  }
},
{
  "model": "auth.permission",
  "pk": 120,
  "fields": {
    "name": "Can delete user",
    "content_type": 29,
    "codename": "delete_user"
  }
},
{
  "model": "auth.permission",
  "pk": 121,
  "fields": {
    "name": "Can view user",
    "content_type": 29,
    "codename": "view_user"
  }
},
{
  "model": "auth.permission",
  "pk": 122,
  "fields": {
    "name": "Can add revision",
    "content_type": 30,
    "codename": "add_revision"
  }
},
{
  "model": "auth.permission",
  "pk": 123,
  "fields": {
    "name": "Can change revision",
    "content_type": 30,
    "codename": "change_revision"
  }
},
{
  "model": "auth.permission",
  "pk": 124,
  "fields": {
    "name": "Can delete revision",
    "content_type": 30,
    "codename": "delete_revision"
  }
},
{
  "model": "auth.permission",
  "pk": 125,
  "fields": {
    "name": "Can view revision",
    "content_type": 30,
    "codename": "view_revision"
  }
},
{
  "model": "auth.permission",
  "pk": 126,
  "fields": {
    "name": "Can add version",
    "content_type": 31,
    "codename": "add_version"
  }
},
{
  "model": "auth.permission",
  "pk": 127,
  "fields": {
    "name": "Can change version",
    "content_type": 31,
    "codename": "change_version"
  }
},
{
  "model": "auth.permission",
  "pk": 128,
  "fields": {
    "name": "Can delete version",
    "content_type": 31,
    "codename": "delete_version"
  }
},
{
  "model": "auth.permission",
  "pk": 129,
  "fields": {
    "name": "Can view version",
    "content_type": 31,
    "codename": "view_version"
  }
},
{
  "model": "auth.permission",
  "pk": 130,
  "fields": {
    "name": "Can add log entry",
    "content_type": 32,
    "codename": "add_logentry"
  }
},
{
  "model": "auth.permission",
  "pk": 131,
  "fields": {
    "name": "Can change log entry",
    "content_type": 32,
    "codename": "change_logentry"
  }
},
{
  "model": "auth.permission",
  "pk": 132,
  "fields": {
    "name": "Can delete log entry",
    "content_type": 32,
    "codename": "delete_logentry"
  }
},
{
  "model": "auth.permission",
  "pk": 133,
  "fields": {
    "name": "Can view log entry",
    "content_type": 32,
    "codename": "view_logentry"
  }
},
{
  "model": "auth.permission",
  "pk": 134,
  "fields": {
    "name": "Can add permission",
    "content_type": 33,
    "codename": "add_permission"
  }
},
{
  "model": "auth.permission",
  "pk": 135,
  "fields": {
    "name": "Can change permission",
    "content_type": 33,
    "codename": "change_permission"
  }
},
{
  "model": "auth.permission",
  "pk": 136,
  "fields": {
    "name": "Can delete permission",
    "content_type": 33,
    "codename": "delete_permission"
  }
},
{
  "model": "auth.permission",
  "pk": 137,
  "fields": {
    "name": "Can view permission",
    "content_type": 33,
    "codename": "view_permission"
  }
},
{
  "model": "auth.permission",
  "pk": 138,
  "fields": {
    "name": "Can add group",
    "content_type": 34,
    "codename": "add_group"
  }
},
{
  "model": "auth.permission",
  "pk": 139,
  "fields": {
    "name": "Can change group",
    "content_type": 34,
    "codename": "change_group"
  }
},
{
  "model": "auth.permission",
  "pk": 140,
  "fields": {
    "name": "Can delete group",
    "content_type": 34,
    "codename": "delete_group"
  }
},
{
  "model": "auth.permission",
  "pk": 141,
  "fields": {
    "name": "Can view group",
    "content_type": 34,
    "codename": "view_group"
  }
},
{
  "model": "auth.permission",
  "pk": 142,
  "fields": {
    "name": "Can add content type",
    "content_type": 35,
    "codename": "add_contenttype"
  }
},
{
  "model": "auth.permission",
  "pk": 143,
  "fields": {
    "name": "Can change content type",
    "content_type": 35,
    "codename": "change_contenttype"
  }
},
{
  "model": "auth.permission",
  "pk": 144,
  "fields": {
    "name": "Can delete content type",
    "content_type": 35,
    "codename": "delete_contenttype"
  }
},
{
  "model": "auth.permission",
  "pk": 145,
  "fields": {
    "name": "Can view content type",
    "content_type": 35,
    "codename": "view_contenttype"
  }
},
{
  "model": "auth.permission",
  "pk": 146,
  "fields": {
    "name": "Can add session",
    "content_type": 36,
    "codename": "add_session"
  }
},
{
  "model": "auth.permission",
  "pk": 147,
  "fields": {
    "name": "Can change session",
    "content_type": 36,
    "codename": "change_session"
  }
},
{
  "model": "auth.permission",
  "pk": 148,
  "fields": {
    "name": "Can delete session",
    "content_type": 36,
    "codename": "delete_session"
  }
},
{
  "model": "auth.permission",
  "pk": 149,
  "fields": {
    "name": "Can view session",
    "content_type": 36,
    "codename": "view_session"
  }
},
{
  "model": "auth.group",
  "pk": 1,
  "fields": {
    "name": "Editors",
    "permissions": [
      69,
      67
    ]
  }
},
{
  "model": "auth.group",
  "pk": 2,
  "fields": {
    "name": "Admin editors",
    "permissions": [
      69,
      68
    ]
  }
},
{
  "model": "meleager_user.user",
  "pk": 1,
  "fields": {
    "password": "pbkdf2_sha256$216000$AWWh5cm0y2u7$p3e3VA4ZPkNecosq7mFy72GlZi05kpQaUMUtg8Wi1tU=",
    "last_login": null,
    "is_superuser": true,
    "username": "superuser",
    "first_name": "",
    "last_name": "",
    "email": "admin@admin.com",
    "is_staff": true,
    "is_active": true,
    "date_joined": "2021-07-27T13:49:27.641Z",
    "institution": "",
    "groups": [],
    "user_permissions": []
  }
},
{
  "model": "meleager_user.user",
  "pk": 2,
  "fields": {
    "password": "pbkdf2_sha256$216000$7zCO03Qd5bSQ$F0z5Wqpvy+ZuuHF0hyzr46+D0DjUZsCVrIthuPzU3dI=",
    "last_login": null,
    "is_superuser": false,
    "username": "editor_admin",
    "first_name": "",
    "last_name": "",
    "email": "editor@admin.com",
    "is_staff": false,
    "is_active": true,
    "date_joined": "2021-07-27T13:49:27.794Z",
    "institution": "",
    "groups": [
      2
    ],
    "user_permissions": []
  }
},
{
  "model": "meleager_user.user",
  "pk": 3,
  "fields": {
    "password": "pbkdf2_sha256$216000$fPIydL5dXPUS$FpPDhNVO/UA4V1/OkXD9KP8MaZVWiVdyjdezcEvCxPg=",
    "last_login": null,
    "is_superuser": false,
    "username": "editor",
    "first_name": "",
    "last_name": "",
    "email": "editor@editor.com",
    "is_staff": false,
    "is_active": true,
    "date_joined": "2021-07-27T13:49:27.984Z",
    "institution": "",
    "groups": [
      1
    ],
    "user_permissions": []
  }
}
]
